+ 285*s = -390. What is the greatest common divisor of 10 and s?
10
Let w(a) = a**3 - 45*a**2 - 93*a - 19. Let o be w(47). What is the highest common factor of 56 and o?
28
Suppose -2*h - 7 = -3*h - z, 5*h - 23 = z. Let o(j) = j + 8. Let v be o(-6). Suppose -45 = -h*s + v*s. Calculate the greatest common factor of 165 and s.
15
Suppose t + t - 1176 = -2*d, -2*t - 3*d = -1176. Calculate the greatest common divisor of t and 21.
21
Let x(b) be the third derivative of b**6/120 + 3*b**5/20 - b**4/8 - 5*b**3/3 - 16*b**2. Let i be x(-9). What is the greatest common divisor of 34 and i?
17
Let z(l) = -15*l - 20. Let h(j) = -4*j**2 + 5*j. Let v be h(2). Let y be z(v). What is the greatest common factor of y and 35?
35
Let d(g) = 11*g**2 + g - 2. Let r = 1 - -2. Let h be d(r). Suppose -4*k - h = -6*k. What is the highest common divisor of k and 10?
10
Suppose 6*u - u - 300 = 0. Suppose 5*k - 3*p - 2 = 0, -4*k - 4*p - 20 = -p. Let t be u/(-2)*k/5. Calculate the highest common divisor of 132 and t.
12
Let m be (9/(-2))/((-6)/8). Suppose 0 = -108*z + 8*z + 2400. Calculate the highest common factor of z and m.
6
Let g be 1*4/(-6)*-24. Suppose 0*b = -3*b - 75. Let s be (-160)/b*165/6. What is the greatest common factor of g and s?
16
Let z(p) = 3*p**3 - 7*p**2 + 7*p - 4. Let h be z(6). Calculate the highest common divisor of h and 14.
14
Suppose -h + 193 = 2*z, 2*z = 3*z - h - 89. Calculate the greatest common divisor of 376 and z.
94
Let p(o) = 50*o + 424. Let f be p(-8). Calculate the highest common factor of 224 and f.
8
Let l be ((-105)/6)/((-3)/6). Let d = l + -61. Let z = d - -78. Calculate the greatest common factor of 26 and z.
26
Let z be (-24 + 1)/(3/(-60)). Suppose -z = -4*k - 100. What is the greatest common factor of 10 and k?
10
Let i(p) be the first derivative of -99*p**2/2 + 7*p + 8. Let k be i(-2). Calculate the highest common divisor of k and 82.
41
Let j = 368 - 182. What is the greatest common factor of j and 12?
6
Let l(c) = 3*c**2 - 7*c + 65. Let y be l(5). What is the highest common divisor of 140 and y?
35
Let q = 856 - 331. Suppose -252 + q = 3*k. What is the highest common divisor of 13 and k?
13
Let n be 32 + 6/(-18)*-12. Let b be 63/3 + (-3 - -6). Calculate the greatest common factor of b and n.
12
Suppose 2*q = 6*l - 7*l + 7, 8 = 3*q - l. Calculate the greatest common divisor of 3 and q.
3
Suppose 5*q = 29*q - 696. What is the highest common factor of 58 and q?
29
Let y be ((-2)/(-1))/((-1)/(-2)). Let x be y/(-1)*-3*1. Let h(o) = 7*o**2 - 4*o + 1. Let l be h(-1). What is the highest common divisor of x and l?
12
Let c(t) be the third derivative of 0 + t**2 - 1/6*t**3 + 0*t - 1/24*t**4. Let z be c(-7). Calculate the greatest common divisor of 54 and z.
6
Let a(g) = -26*g**3 - g. Let d(x) = x**3 + 5*x**2 + 4*x - 1. Let w be d(-4). Let t be a(w). Calculate the greatest common factor of t and 3.
3
Suppose -4*w + 2*w - 3*v = -64, 0 = -4*w - 3*v + 140. Suppose -g + 0*b + w = -b, 10 = 2*b. What is the greatest common factor of g and 43?
43
Suppose -2*j - 91 = 3*j + 2*z, z + 36 = -2*j. Let d = j + 22. Suppose d*o = 27 + 93. Calculate the highest common divisor of o and 60.
20
Let s(d) = -14*d. Let h(u) = 2*u - 4. Let z be h(4). Let o(f) = -f - 2. Let k be o(z). Let r be s(k). What is the greatest common factor of r and 14?
14
Let u be (-174)/(-18) - 16/24. What is the greatest common divisor of u and 243?
9
Let h be (-6)/13 - 28896/(-1092). Suppose 2*m = 3*n - 708, -3*m = 5*n - 2*n - 693. What is the highest common divisor of n and h?
26
Suppose -5*v - 2 = -6*v. Suppose 3 + 1 = v*q. Suppose d = 3*d - 12. Calculate the greatest common divisor of d and q.
2
Suppose -2*g = -6*r + r - 197, 5*g + r - 479 = 0. What is the highest common factor of g and 64?
32
Let j(r) = 5*r - 34. Let z be j(12). Let d be (-104)/(-3) - (-2)/6. Suppose -30 = -5*x + d. What is the highest common factor of z and x?
13
Let n = -14 + 1. Let g = 18 + n. Suppose 36 = 9*d - g*d. Calculate the greatest common factor of 63 and d.
9
Let d(q) = -46*q - 2. Let w be d(-2). Suppose 6 + 10 = 2*t - c, -3*c + 52 = 4*t. Calculate the highest common factor of t and w.
10
Let q = 160 + 140. What is the greatest common divisor of 60 and q?
60
Suppose 0 = -0*m + 8*m - 1552. Let g = -108 + m. Let b = g + 40. Calculate the greatest common divisor of 18 and b.
18
Suppose -5*c + 6 - 24 = -q, -3*q + c = -54. What is the greatest common factor of q and 36?
18
Let b = 68 - -139. Let c(s) = -s**3 - 14*s**2 + 32*s + 23. Let i be c(-16). What is the greatest common divisor of b and i?
23
Suppose 2*z + k = -3, 3 = -z - 5*k + 6. Let x(m) = 13*m + 120. Let q be x(-9). Let d be z/(-4 + (6 - q)). What is the highest common divisor of 4 and d?
2
Let j(z) = z**2 - 2*z - 1. Let q be j(-4). Let o be (-1)/(-1)*(-112)/16. Let d be (-138)/(-4)*o/(63/(-6)). Calculate the greatest common factor of d and q.
23
Let u = 538 - 168. Calculate the greatest common factor of u and 10.
10
Suppose -b - 2*d - 646 = -1828, 0 = -4*d - 12. What is the greatest common divisor of b and 216?
108
Suppose 8*h = h. Suppose 13*r - 12*r - 11 = h. Calculate the greatest common factor of 22 and r.
11
Suppose 0 = -3*q - 4*s + 1636, -4*q + 0*q = 4*s - 2176. Let z be 238/51*q/7. Calculate the greatest common divisor of 40 and z.
40
Let u(r) = -141*r**3 + r**2 + 3*r. Let y be u(-1). Calculate the greatest common factor of 1 and y.
1
Let z(w) = -w**3 + w**2 + 36*w - 19. Let l be z(6). Calculate the greatest common divisor of 1547 and l.
17
Suppose -4*n + 6 + 14 = 0. Suppose 30 + 50 = n*z. Calculate the highest common divisor of z and 40.
8
Suppose -4*w = -59 - 93. What is the greatest common factor of 532 and w?
38
Let n = 12 - 9. Suppose o - 34*s = -31*s + 12, -3*o - 5*s + 92 = 0. What is the greatest common factor of n and o?
3
Let l(q) = 602*q**2 + q + 1. Suppose 0*d - 1 = d. Let i be l(d). Let r be i/77 + 4/22. What is the highest common divisor of r and 72?
8
Suppose 0 = x - 2*i, x = -3*i + 7 - 32. Let a be (-1 + 4)*(11 + x). Calculate the greatest common factor of a and 27.
3
Let d = -6 - -30. What is the highest common factor of d and 1032?
24
Suppose -380 = -5*r - 0*r. Let v(a) = -a - 13. Let l be v(-18). Suppose -36 - 6 = -2*j + 2*i, l*j + 2*i = 91. What is the greatest common divisor of j and r?
19
Suppose -4*r - 3*t + 25 = 184, 10 = -2*t. Let p be ((-2)/(-3))/((-24)/r). Let u = p - -7. What is the highest common factor of u and 24?
8
Let p(d) = d**3 + d**2 - d + 2. Let r be p(0). Let a be (0/(2 + 2))/4. Let q be r - -61 - (a + 3). What is the greatest common divisor of 12 and q?
12
Let c = 10956 - 6585. What is the greatest common factor of c and 141?
141
Suppose -7*u = -14*u + 1001. What is the greatest common divisor of 65 and u?
13
Let p(k) = k**3 - 4*k**2 - 5*k + 5. Let w be p(5). Suppose -w*u + q + 105 = 6, -3*q + 3 = 0. Calculate the greatest common factor of 60 and u.
20
Suppose 30*n = 25*n + 205. Suppose -2*x + 91 = j, 0 = x - 0*x + 2*j - n. What is the greatest common factor of 47 and x?
47
Let z(x) = x**3 + 15*x**2 - 9*x - 90. Let h be z(-11). What is the greatest common factor of h and 29?
29
Let x(c) = -2*c**2 + 33*c + 38. Let q be x(17). What is the greatest common divisor of 35 and q?
7
Suppose 4 = -i - 3. Let g(v) = 2*v**2 - v. Let t be g(i). Let q(w) = 2*w**3 + 2*w**2 - 6*w + 9. Let k be q(2). Calculate the highest common divisor of k and t.
21
Suppose s = -4*u + 45 + 114, 0 = u + 3*s - 48. Let h = 163 + -85. Calculate the greatest common factor of h and u.
39
Let m be ((-16)/12)/(-2)*390/52. Suppose -2*z = v - 132, -4*z + 3*v + 167 = -87. What is the greatest common divisor of m and z?
5
Let m(d) = 16*d + 11. Let p be m(14). Let l = p + -118. What is the greatest common factor of 9 and l?
9
Suppose -4*b + 2*l = -8, b = 2*b - 5*l - 20. Suppose 0*r + r - 44 = b. Let u be (-10)/(-15)*(-2 + r). Calculate the highest common divisor of 4 and u.
4
Let d be (2 - (1 + -4))*(7 - 6). Suppose -5*t = 5*z - 160, z - t + d*t - 47 = 0. Calculate the highest common divisor of z and 9.
9
Let z(w) = -2*w**3 + 27*w**2 + 21*w - 54. Let j be z(14). What is the highest common factor of j and 616?
44
Let l(q) = -6 + 2 - 2*q + 5*q. Let y be l(2). Suppose -154 = -w - 0*n + 4*n, -3*w + y*n = -502. Calculate the greatest common fa